{"id":6296,"date":"2013-02-10T18:51:16","date_gmt":"2013-02-10T16:51:16","guid":{"rendered":"http:\/\/drikkes.com\/?page_id=6296"},"modified":"2026-02-07T22:32:56","modified_gmt":"2026-02-07T21:32:56","slug":"verschiedenes","status":"publish","type":"page","link":"https:\/\/drikkes.com\/?page_id=6296","title":{"rendered":"Verschiedenes"},"content":{"rendered":"<div class='e-content'>\n<h3 class=\"wp-block-heading\">Einsweiter \u2013 Raum f\u00fcr alles M\u00f6gliche<\/h3>\n\n\n\n<div class=\"wp-block-columns is-layout-flex wp-container-core-columns-is-layout-28f84493 wp-block-columns-is-layout-flex\">\n<div class=\"wp-block-column is-layout-flow wp-block-column-is-layout-flow\">\n<p>Freunde von mir haben in der K\u00f6lner S\u00fcdstadt einen Space er\u00f6ffnet. Ich durfte Namen und Tagline beisteuern und ihnen <a href=\"https:\/\/einsweiter.koeln\/\">die Website<\/a> dazu bauen. (Logo und Farbschema von <a href=\"https:\/\/www.instagram.com\/inastiefelhagen\/\">Ina<\/a>.)<\/p>\n\n\n\n<div class=\"wp-block-columns is-layout-flex wp-container-core-columns-is-layout-28f84493 wp-block-columns-is-layout-flex\">\n<div class=\"wp-block-column is-layout-flow wp-block-column-is-layout-flow\">\n<figure class=\"wp-block-image size-large\"><img decoding=\"async\" src=\"https:\/\/einsweiter.koeln\/wp-content\/uploads\/2025\/07\/cropped-RZ_einsWeiter_Logo_ohneIcons-edited-e1759573476276.png\" alt=\"\"\/><\/figure>\n<\/div>\n\n\n\n<div class=\"wp-block-column is-layout-flow wp-block-column-is-layout-flow\">\n<p>Und wenn man schon Connections zu so einem Kulturort hat, habe ich mir gedacht, dann kann man da auch einfach mal <a href=\"https:\/\/einsweiter.koeln\/event\/1-a-m\/\">selbst Kunst<\/a> machen. In diesem Fall eine <a href=\"https:\/\/drikkes.com\/?p=20063\">Performance ohne Publikum<\/a>, daf\u00fcr aber mit <a href=\"https:\/\/drikkes.com\/?p=20098\">Soundtrack<\/a>. Hat mir gut gefallen, mache ich demn\u00e4chst vielleicht \u00f6fter.<\/p>\n<\/div>\n<\/div>\n<\/div>\n<\/div>\n\n\n\n<div class=\"wp-block-columns is-layout-flex wp-container-core-columns-is-layout-28f84493 wp-block-columns-is-layout-flex\">\n<div class=\"wp-block-column is-layout-flow wp-block-column-is-layout-flow\">\n<figure class=\"wp-block-image size-large\"><img decoding=\"async\" src=\"https:\/\/einsweiter.koeln\/wp-content\/uploads\/2025\/10\/freunde_proben.png\" alt=\"\" style=\"aspect-ratio:0.7999999902603477;object-fit:cover\"\/><\/figure>\n<\/div>\n\n\n\n<div class=\"wp-block-column is-layout-flow wp-block-column-is-layout-flow\">\n<figure class=\"wp-block-image aligncenter size-large\"><img decoding=\"async\" src=\"https:\/\/einsweiter.koeln\/wp-content\/uploads\/2025\/12\/korrigiert-Jesus-The-Savior.png\" alt=\"\" style=\"aspect-ratio:0.7999999902603477;object-fit:cover\"\/><\/figure>\n<\/div>\n\n\n\n<div class=\"wp-block-column is-layout-flow wp-block-column-is-layout-flow\">\n<figure class=\"wp-block-image size-large\"><img decoding=\"async\" src=\"https:\/\/einsweiter.koeln\/wp-content\/uploads\/2025\/10\/Bildschirmfoto-2026-01-15-um-14.48.18.png\" alt=\"\" style=\"aspect-ratio:0.798980031348932;object-fit:cover\"\/><\/figure>\n<\/div>\n<\/div>\n\n\n\n<h3 class=\"wp-block-heading\">Das Kreuz mit dem Crossposting<\/h3>\n\n\n\n<p>Ich treibe mich nicht nur regelm\u00e4\u00dfig auf Events und Konferenzen rum, um auf dem Laufenden zu bleiben, ich halte manchmal auch Sessions dort. Zum Beispiel <a href=\"https:\/\/drikkes.com\/?p=5686\">diesen Vortrag hier<\/a> auf der <a href=\"http:\/\/sigint.ccc.de\/\">SIGINT 2012<\/a> in K\u00f6ln.<\/p>\n\n\n\n<h3 class=\"wp-block-heading\">Viral Videos<\/h3>\n\n\n\n<p>Zusammen mit Florian Hoof habe ich im Wintersemester 2012\/13 ein <a href=\"https:\/\/qis.server.uni-frankfurt.de\/qisserver\/rds?state=verpublish&amp;status=init&amp;vmfile=no&amp;moduleCall=webInfo&amp;publishConfFile=webInfo&amp;publishSubDir=veranstaltung&amp;veranstaltung.veranstid=107740\" target=\"_blank\" rel=\"noopener noreferrer\">Seminar an der Goethe-Uni in Frankfurt<\/a> gegeben. Mein Part war der praktische Teil, wie man auf <a href=\"http:\/\/viralmedia-uni-frankfurt.tumblr.com\/\" target=\"_blank\" rel=\"noopener noreferrer\">diesem Tumblr<\/a> sieht, den Studenten f\u00fcr einen Teilnahmeschein erstellt haben, um das wochenendliche Blockseminar zu dokumentieren.<\/p>\n\n\n\n<h3 class=\"wp-block-heading\">#stolperstein<\/h3>\n\n\n\n<p>Die Website <a href=\"http:\/\/indenweglegen.tumblr.com\/\" target=\"_blank\" rel=\"noopener noreferrer\">indenweglegen.tumblr.com\/<\/a> versammelt alle Bilder, die auf dem Photodienst Instagram hochgeladen und mit <em>#stolperstein<\/em> getagged werden. Jeder kann mitmachen, wie das genau funktioniert (hat), erkl\u00e4rt <a href=\"https:\/\/drikkes.com\/?p=5692\">dieser Blogpost<\/a>.<\/p>\n\n\n\n<figure class=\"wp-block-image\"><img decoding=\"async\" src=\"https:\/\/media2.giphy.com\/media\/lpsQ713K13DRtNKN0H\/giphy.gif\" alt=\"\"\/><\/figure>\n\n\n\n<p><\/p>\n\n\n\n<p>W\u00e4hrend der Corona-Zeit habe ich manchmal die Musik, die ich w\u00e4hrend des Arbeitens im Home Office so h\u00f6re, \u00fcber den Twitch-Konkurrenten <a href=\"https:\/\/www.caffeine.tv\/\">Caffeine<\/a> ins \u00f6ffentliche Internet gestreamt. Mich selbst hat man dabei aber nur sehr schemenhaft zu Gesicht bekommen, weil ich eine ziemlich psychedelische <a href=\"https:\/\/www.snapchat.com\/unlock\/?type=SNAPCODE&amp;uuid=239ec10f29894338944e6c655dd94ba2&amp;metadata=01\">SnapCam<\/a>-Lens \u00fcber meine Webcam habe laufen lassen.<\/p>\n<\/div><div class=\"syndication-links\"><\/div>","protected":false},"excerpt":{"rendered":"<div class='e-content p-summary'>Einsweiter \u2013 Raum f\u00fcr alles M\u00f6gliche Freunde von mir haben in der K\u00f6lner S\u00fcdstadt einen Space er\u00f6ffnet. Ich durfte Namen und Tagline beisteuern und ihnen die Website dazu bauen. (Logo und Farbschema von Ina.) Und wenn man schon Connections zu so einem Kulturort hat, habe ich mir gedacht, dann kann man da auch einfach mal [&hellip;]<\/div>\n","protected":false},"author":1,"featured_media":0,"parent":10,"menu_order":0,"comment_status":"open","ping_status":"open","template":"","meta":{"mf2_syndication":[],"cybocfi_hide_featured_image":"","webmentions_disabled_pings":false,"webmentions_disabled":false,"footnotes":""},"class_list":["post-6296","page","type-page","status-publish"],"_links":{"self":[{"href":"https:\/\/drikkes.com\/index.php?rest_route=\/wp\/v2\/pages\/6296","targetHints":{"allow":["GET"]}}],"collection":[{"href":"https:\/\/drikkes.com\/index.php?rest_route=\/wp\/v2\/pages"}],"about":[{"href":"https:\/\/drikkes.com\/index.php?rest_route=\/wp\/v2\/types\/page"}],"author":[{"embeddable":true,"href":"https:\/\/drikkes.com\/index.php?rest_route=\/wp\/v2\/users\/1"}],"replies":[{"embeddable":true,"href":"https:\/\/drikkes.com\/index.php?rest_route=%2Fwp%2Fv2%2Fcomments&post=6296"}],"version-history":[{"count":19,"href":"https:\/\/drikkes.com\/index.php?rest_route=\/wp\/v2\/pages\/6296\/revisions"}],"predecessor-version":[{"id":20416,"href":"https:\/\/drikkes.com\/index.php?rest_route=\/wp\/v2\/pages\/6296\/revisions\/20416"}],"up":[{"embeddable":true,"href":"https:\/\/drikkes.com\/index.php?rest_route=\/wp\/v2\/pages\/10"}],"wp:attachment":[{"href":"https:\/\/drikkes.com\/index.php?rest_route=%2Fwp%2Fv2%2Fmedia&parent=6296"}],"curies":[{"name":"wp","href":"https:\/\/api.w.org\/{rel}","templated":true}]}}