{"id":14951,"date":"2021-02-03T18:02:31","date_gmt":"2021-02-03T17:02:31","guid":{"rendered":"https:\/\/drikkes.com\/?page_id=14951"},"modified":"2021-10-20T14:59:31","modified_gmt":"2021-10-20T13:59:31","slug":"disclaimer","status":"publish","type":"page","link":"https:\/\/drikkes.com\/?page_id=14951","title":{"rendered":"Disclaimer"},"content":{"rendered":"<div class='e-content'>\n<h3>Ja, es geht um Werbung<\/h3>\n<p>Diese Website dient allerdings in erster Linie der Pr\u00e4sentation von Arbeitsproben. Ich bin eben Copywriter und deshalb gibt es hier Reklame zu sehen, die ich mir meist alleine und manchmal in wechselnden Teams ausgedacht und umgesetzt habe. (Wer freundlich fragt, dem verrate ich selbstverst\u00e4ndlich den Namen der Grafikumsetzung eines bestimmten Projekts.)<\/p>\n<p>For the record: Das ist mein Job. Ich mu\u00df nicht von jeder Marke, f\u00fcr die ich gearbeitet habe bzw. derzeit arbeite, der gr\u00f6\u00dfte Fan sein. Und doch kann ich mein Bestes f\u00fcr sie geben. Das nennt man Professionalit\u00e4t. Davon unber\u00fchrt stelle ich meine Dienste nicht jedem zur Verf\u00fcgung \u2013 Waffenhersteller, rechte Parteien und Konsorten haben bei mir Pech.<\/p>\n<p>Noch ein Wort zum Blog: Der Inhalt dort ist \u2013 sofern nicht explizit unter Nennung der Quelle als Zitat gekennzeichnet \u2013 ebenfalls auf meinem Mist gewachsen. F\u00fcr den Rest gilt: Ich verlinke einen Schei\u00df.<\/p><\/div>\n<div class=\"syndication-links\"><\/div>","protected":false},"excerpt":{"rendered":"<div class='e-content p-summary'>Ja, es geht um Werbung Diese Website dient allerdings in erster Linie der Pr\u00e4sentation von Arbeitsproben. Ich bin eben Copywriter und deshalb gibt es hier Reklame zu sehen, die ich mir meist alleine und manchmal in wechselnden Teams ausgedacht und umgesetzt habe. (Wer freundlich fragt, dem verrate ich selbstverst\u00e4ndlich den Namen der Grafikumsetzung eines bestimmten [&hellip;]<\/div>\n","protected":false},"author":1,"featured_media":0,"parent":0,"menu_order":0,"comment_status":"closed","ping_status":"closed","template":"","meta":{"mf2_syndication":[],"cybocfi_hide_featured_image":"","webmentions_disabled_pings":false,"webmentions_disabled":false,"footnotes":""},"class_list":["post-14951","page","type-page","status-publish"],"_links":{"self":[{"href":"https:\/\/drikkes.com\/index.php?rest_route=\/wp\/v2\/pages\/14951","targetHints":{"allow":["GET"]}}],"collection":[{"href":"https:\/\/drikkes.com\/index.php?rest_route=\/wp\/v2\/pages"}],"about":[{"href":"https:\/\/drikkes.com\/index.php?rest_route=\/wp\/v2\/types\/page"}],"author":[{"embeddable":true,"href":"https:\/\/drikkes.com\/index.php?rest_route=\/wp\/v2\/users\/1"}],"replies":[{"embeddable":true,"href":"https:\/\/drikkes.com\/index.php?rest_route=%2Fwp%2Fv2%2Fcomments&post=14951"}],"version-history":[{"count":6,"href":"https:\/\/drikkes.com\/index.php?rest_route=\/wp\/v2\/pages\/14951\/revisions"}],"predecessor-version":[{"id":15342,"href":"https:\/\/drikkes.com\/index.php?rest_route=\/wp\/v2\/pages\/14951\/revisions\/15342"}],"wp:attachment":[{"href":"https:\/\/drikkes.com\/index.php?rest_route=%2Fwp%2Fv2%2Fmedia&parent=14951"}],"curies":[{"name":"wp","href":"https:\/\/api.w.org\/{rel}","templated":true}]}}