{"id":103,"date":"2010-02-02T22:08:54","date_gmt":"2010-02-02T21:08:54","guid":{"rendered":"http:\/\/drikkes.com\/?page_id=103"},"modified":"2020-10-29T18:00:15","modified_gmt":"2020-10-29T17:00:15","slug":"pelikan","status":"publish","type":"page","link":"https:\/\/drikkes.com\/?page_id=103","title":{"rendered":"Pelikan"},"content":{"rendered":"<div class='e-content'>Diesen 20sek\u00fcnder hat meine damalige Agentur McCann Erickson D\u00fcsseldorf f\u00fcr den traditionsreichen Schreibwarenhersteller <strong>Pelikan<\/strong> realisiert und ich bin Teil des Teams gewesen. Die Animation stammt von <a href=\"http:\/\/www.hatchstudios.net\/#index.cfm?event=display.aboutus\">Hatch Studios<\/a> in Kanada.<\/p>\n<p><iframe loading=\"lazy\" src=\"https:\/\/player.vimeo.com\/video\/72764325?color=db1750&#038;title=0&#038;byline=0&#038;portrait=0\" width=\"600\" height=\"450\" frameborder=\"0\" webkitallowfullscreen mozallowfullscreen allowfullscreen><\/iframe><\/p>\n<p>Auch auf <a href=\"http:\/\/www.youtube.com\/embed\/8TWttTTpsFM\">YouTube<\/a>.<\/div>\n<div class=\"syndication-links\"><\/div>","protected":false},"excerpt":{"rendered":"<div class='e-content p-summary'>Diesen 20sek\u00fcnder hat meine damalige Agentur McCann Erickson D\u00fcsseldorf f\u00fcr den traditionsreichen Schreibwarenhersteller Pelikan realisiert und ich bin Teil des Teams gewesen. Die Animation stammt von Hatch Studios in Kanada. Auch auf YouTube.<\/div>\n","protected":false},"author":1,"featured_media":0,"parent":56,"menu_order":0,"comment_status":"closed","ping_status":"open","template":"","meta":{"mf2_syndication":[],"cybocfi_hide_featured_image":"","webmentions_disabled_pings":false,"webmentions_disabled":false,"footnotes":""},"class_list":["post-103","page","type-page","status-publish"],"_links":{"self":[{"href":"https:\/\/drikkes.com\/index.php?rest_route=\/wp\/v2\/pages\/103","targetHints":{"allow":["GET"]}}],"collection":[{"href":"https:\/\/drikkes.com\/index.php?rest_route=\/wp\/v2\/pages"}],"about":[{"href":"https:\/\/drikkes.com\/index.php?rest_route=\/wp\/v2\/types\/page"}],"author":[{"embeddable":true,"href":"https:\/\/drikkes.com\/index.php?rest_route=\/wp\/v2\/users\/1"}],"replies":[{"embeddable":true,"href":"https:\/\/drikkes.com\/index.php?rest_route=%2Fwp%2Fv2%2Fcomments&post=103"}],"version-history":[{"count":8,"href":"https:\/\/drikkes.com\/index.php?rest_route=\/wp\/v2\/pages\/103\/revisions"}],"predecessor-version":[{"id":10763,"href":"https:\/\/drikkes.com\/index.php?rest_route=\/wp\/v2\/pages\/103\/revisions\/10763"}],"up":[{"embeddable":true,"href":"https:\/\/drikkes.com\/index.php?rest_route=\/wp\/v2\/pages\/56"}],"wp:attachment":[{"href":"https:\/\/drikkes.com\/index.php?rest_route=%2Fwp%2Fv2%2Fmedia&parent=103"}],"curies":[{"name":"wp","href":"https:\/\/api.w.org\/{rel}","templated":true}]}}